lculate v(2).
1189
Let q(c) = 11483*c**2 - 4329093*c + 749. Determine q(377).
-5
Let i(r) = 46*r**2 - 537*r + 78. Give i(12).
258
Let g(o) = 158*o - 23156. Give g(146).
-88
Let n(a) = 2165*a + 31. Give n(0).
31
Let o(k) = -3*k**3 - 69*k**2 - 62*k + 87. What is o(-22)?
-1
Let y(s) = s**3 - 16*s**2 - 41*s + 313. What is y(18)?
223
Let w(y) = -y**3 - 53*y**2 - 311*y + 226. Determine w(-46).
-280
Let w(o) = 62*o + 3382. What is w(-58)?
-214
Let d(x) = -1238*x - 4894. What is d(-4)?
58
Let p(d) = 3505*d - 117490. Determine p(33).
-1825
Let k(a) = -265*a**3 - 4*a**2 + 57*a + 61. Calculate k(-1).
265
Let r(g) = -8643*g + 43299. Calculate r(5).
84
Let a(y) = y**3 + 1134*y**2 - 126072*y + 33. Give a(102).
33
Let g(q) = -2*q**2 + 1324*q + 31691. What is g(-23)?
181
Let j(u) = -401*u - 88292. Give j(-220).
-72
Let m(z) = 3*z**3 + 15*z**2 - 944*z - 2861. Calculate m(-3).
25
Let i(f) = f**3 - 141*f**2 - 54*f + 7837. What is i(141)?
223
Let i(x) = -10*x**3 + 17*x**2 + 1728*x + 6. Calculate i(14).
90
Let j(h) = -41756*h - 10773038. What is j(-258)?
10
Let r(n) = 2388*n + 81217. What is r(-34)?
25
Let x(u) = -u**2 + 121*u + 4372. Determine x(-28).
200
Let n(d) = 73*d**2 + 11*d + 69. Determine n(3).
759
Let l(g) = -981*g + 68667. What is l(70)?
-3
Let h(v) = 4360*v - 296648. What is h(68)?
-168
Let y(q) = 2934*q + 70300. What is y(-24)?
-116
Let b(l) = -17763*l - 248703. What is b(-14)?
-21
Let b(z) = 332*z - 8045. Give b(12).
-4061
Let w(r) = 2*r**2 + 4448*r - 80720. What is w(18)?
-8
Let y(f) = -105*f**3 + 1570*f**2 + 84*f - 54. Calculate y(15).
81
Let b(u) = 3*u**3 + 57*u**2 - 22. Give b(-19).
-22
Let l(z) = 37*z**2 + 2380*z - 9496. What is l(4)?
616
Let v(o) = 5*o**2 + 592*o + 11952. Give v(-20).
2112
Let v(j) = 10*j**3 + 18*j**2 + 123*j + 250. Determine v(-2).
-4
Let k(w) = 8106*w - 80884. What is k(10)?
176
Let z(s) = -2*s**3 + 17*s**2 + 62*s - 679. Calculate z(-6).
-7
Let t(i) = 3*i**2 - 98*i + 9. Give t(32).
-55
Let w(m) = -35*m**2 + 272*m - 14. Give w(5).
471
Let c(f) = -3*f**3 + 904*f**2 + 1822*f + 15. Determine c(-2).
11
Let u(y) = -13*y**2 + 49*y + 18. What is u(5)?
-62
Let r(x) = -39*x**2 - 8589*x - 1941. What is r(-220)?
39
Let t(v) = -98304*v + 1572764. What is t(16)?
-100
Let x(t) = 10840*t + 227761. What is x(-21)?
121
Let z(o) = 18*o**3 + 993*o**2 - 833*o + 404. Give z(-56).
12
Let i(j) = 1393*j + 136516. What is i(-98)?
2
Let w(f) = 2*f**3 - 96*f**2 + 71*f + 684. What is w(47)?
-397
Let v(u) = 36300*u + 217739. What is v(-6)?
-61
Let a(c) = 4180*c - 19760. What is a(4)?
-3040
Let o(t) = -549*t - 64753. Give o(-118).
29
Let j(y) = -283942*y - 11357700. Give j(-40).
-20
Let x(p) = 3*p**3 - 57*p**2 - 63*p + 286. Calculate x(20).
226
Let x(c) = c**3 + 95*c**2 - 13*c - 151. Calculate x(-95).
1084
Let f(s) = -230*s + 1033. Calculate f(3).
343
Let z(g) = 233*g**2 + 1160*g - 7. Determine z(-5).
18
Let x(k) = 31*k**2 + 53*k - 8063. What is x(-17)?
-5
Let h(n) = 2*n**2 - 16973*n + 169511. Calculate h(10).
-19
Let i(f) = 596*f**2 + 5744*f - 16896. Calculate i(-12).
0
Let r(i) = -158049*i - 3002932. Calculate r(-19).
-1
Let g(v) = -15*v**3 - 843*v**2 - 239*v - 3886. Give g(-56).
90
Let u(h) = 30*h**3 + 2550*h**2 + 8*h + 687. Determine u(-85).
7
Let d(o) = -2*o**2 + 54939*o + 549554. Determine d(-10).
-36
Let q(g) = g**3 + 12*g**2 + 9797*g + 117545. Calculate q(-12).
-19
Let z(r) = 101*r**3 - 8*r**2 - 22*r + 138. Calculate z(3).
2727
Let r(i) = 2*i**2 + 26*i + 63. What is r(-5)?
-17
Let t(d) = 1193*d**2 - 4731*d - 1. Give t(4).
163
Let l(y) = 600*y - 1628. Determine l(5).
1372
Let w(y) = -2*y**2 + 190*y + 6595. Calculate w(130).
-2505
Let i(k) = -5*k**3 + 15*k**2 - 101*k + 86. What is i(1)?
-5
Let t(j) = 30*j**2 - 257*j + 1348. Determine t(5).
813
Let c(k) = -k**2 + 673*k - 100563. Determine c(450).
-213
Let d(c) = -14*c**3 - 78*c**2 + 239*c + 3. Calculate d(2).
57
Let a(i) = -4434*i - 106416. What is a(-24)?
0
Let g(k) = -26*k**2 - 9956*k + 51159. Calculate g(-388).
-57
Let b(f) = -3499*f + 307917. Give b(88).
5
Let r(d) = d**3 + 38*d**2 + 23*d - 751. Give r(4).
13
Let a(w) = -w**3 - 15*w**2 + 627*w + 5079. Determine a(-8).
-385
Let y(b) = -2556*b - 20418. Calculate y(-8).
30
Let n(a) = -10*a**2 - 2886*a - 64936. Calculate n(-264).
8
Let d(s) = 5148*s**2 + 211067*s - 61. Calculate d(-41).
-20
Let m(x) = -15833*x - 5367383. Give m(-339).
4
Let l(t) = -145*t + 305. Give l(2).
15
Let f(y) = 70*y**3 - 11*y**2 - 33*y - 17. Determine f(-2).
-555
Let d(q) = 876687*q + 876666. Calculate d(-1).
-21
Let w(h) = -11*h**2 - 1893*h + 1727. Give w(-173).
-3
Let i(m) = -326313*m + 326315. Give i(1).
2
Let r(z) = -z**3 + 461*z**2 + 6162*z - 122. Determine r(474).
-122
Let f(b) = 4*b**3 + 317*b**2 - 60*b - 10966. Give f(-79).
15
Let j(l) = 72*l**2 - 2806*l - 114. Give j(39).
-36
Let g(k) = -21937*k + 11824036. What is g(539)?
-7
Let d(n) = -n**3 + 21*n**2 - 1389*n + 27255. Determine d(20).
-125
Let u(g) = -1724*g - 662008. Calculate u(-384).
8
Let h(z) = z**2 - 5592*z + 83693. Calculate h(15).
38
Let v(g) = -g**3 + 84*g**2 + 417*g - 5722. Calculate v(88).
-2
Let h(q) = 25338*q + 404685. Determine h(-16).
-723
Let a(t) = 2*t**2 - 2951*t + 86710. What is a(30)?
-20
Let r(o) = -2*o**3 - 374*o**2 - 6053*o + 55601. Calculate r(-168).
-7
Let u(f) = 269*f + 148343. Calculate u(-555).
-952
Let f(p) = 376*p + 1818. What is f(-8)?
-1190
Let c(y) = -46*y**2 - 2020*y - 192. Calculate c(-44).
-368
Let k(h) = -34237*h + 616284. What is k(18)?
18
Let h(b) = -6*b**2 + 826*b + 60. Calculate h(0).
60
Let a(n) = -4256*n + 182974. Give a(43).
-34
Let k(o) = -2390*o - 26284. Calculate k(-11).
6
Let g(o) = 405*o + 382. What is g(-5)?
-1643
Let j(x) = 4*x**3 - 296*x**2 + 118*x - 7034. Calculate j(74).
1698
Let b(g) = 6*g**3 + 7*g**2 - 50*g - 43. Determine b(4).
253
Let f(j) = 95*j + 4168. Determine f(-44).
-12
Let j(o) = o**2 - 95*o - 272. Give j(18).
-1658
Let x(o) = -268488*o. What is x(0)?
0
Let p(k) = -41*k**2 - 11778*k + 20520. Calculate p(-289).
1
Let o(p) = 190*p + 16254. Give o(-91).
-1036
Let v(x) = x**3 + 7*x**2 + 1906*x + 15319. Determine v(-8).
7
Let g(y) = y**3 - 13*y**2 - 407*y + 4708. Determine g(10).
338
Let q(b) = -730*b - 247510. Calculate q(-339).
-40
Let w(g) = -2*g**3 + g**2 + 267*g - 373. Determine w(-12).
23
Let q(b) = b**2 - 85*b + 99. What is q(18)?
-1107
Let p(o) = -31*o**3 - 203*o**2 + 11*o + 4. What is p(-8)?
2796
Let f(a) = -a**2 - 322*a - 2368. What is f(0)?
-2368
Let g(m) = -29480*m + 884390. What is g(30)?
-10
Let z(m) = 2*m**3 + 110*m**2 - 17*m - 1025. Give z(-55).
-90
Let n(w) = 3201*w + 86417. What is n(-27)?
-10
Let f(d) = -36112*d + 902850. Calculate f(25).
50
Let d(l) = -l**3 - 52*l**2 + 797*l + 1688. Determine d(14).
-90
Let z(h) = 86*h**2 + 146*h - 441. Determine z(3).
771
Let b(s) = 2*s**2 - 3230*s + 86936. Calculate b(27).
1184
Let z(i) = -8*i**2 + 820*i - 15312. What is z(24)?
-240
Let b(z) = 48*z**3 + 1296*z**2 + 62*z + 1670. Determine b(-27).
-4
Let l(y) = -y**3 - 16*y**2 + 42*y - 583. Give l(-21).
740
Let j(x) = -2*x**3 - 634*x**2 + 14197*x - 186. What is j(-338)?
-524
Let k(r) = 24921*r + 6529308. What is k(-262)?
6
Let l(a) = a**2 + 331*a + 22471. Give l(-95).
51
Let w(r) = -423*r - 11005. Calculate w(-26).
-7
Let n(j) = -3549*j + 1490588. What is n(420)?
8
Let s(n) = -1460*n - 19720. Calculate s(-16).
3640
Let z(c) = -c**3 - 47*c**2 - 28*c + 1147. What is z(-46)?
319
Let d(x) = x**3 - 11*x**2 + 11*x - 13. Give d(9).
-76
Let i(l) = 906*l - 7989. Give i(11).
1977
Let h(i) = -13186*i + 223977. Calculate h(17).
-185
Let z(n) = n**3 - 6*n**2 + 401*n - 1173. Give z(3).
3
Let k(p) = -662283*p - 2649112. Give k(-4).
20
Let p(l) = 2*l**3 + 19*l**2 + 46*l - 200. Calculate p(-11).
-1069
Let o(y) = -y**3 - 48*y**2 - 100*y - 9998. Calculate o(-50).
2
Let q(x) = -x**3 - 124*x**2 - 2282*x - 232196. Calculate q(-121).
3
Let q(h) = 265*h**2 - 6*h + 47. Determine q(2).
1095
Let c(p) = -399*p - 36545. Give c(-91).
-236
Let m(i) = -668*i + 30706. Give m(46).
-22
Let t(p) = 175*p**2 + 657*p - 656. Give t(1).
176
Let i(l) = -17*l**2 + 1457*l - 3830. What is i(83)?
-12
Let o(f) = -5*f**3 + 4755*f**2 - 4962*f + 206. Determine o(1).
-6
Let g(s) = 30*s**3 + 2913*s**2 + 285*s - 535. What is g(-97)?
47
Let f(o) = 5*o**2 + 30357*o + 181969. Calculate f(-6).
7
Let l(u) 